)?
7
Let f = 148 + 352. Suppose 12 = -4*r + f. What is the tens digit of r?
2
Let z(g) = 41*g - 9. Let x be z(7). Let f = x - 196. Suppose -l - 3*n = -26, 4*l + n - f = -0*n. What is the units digit of l?
0
Suppose 5*t + 4*a + 23 = -42, -20 = 5*t - 5*a. Let m = 48 + t. What is the units digit of m?
9
Let t(v) = v**2 - v + 58. Let g be t(0). Let b be (16/(-2))/(-3 + 1). Suppose -2*q + b*q = g. What is the tens digit of q?
2
Let q = 65 - -1. Suppose -70 = -b - 68. Suppose 0 = -n - 3*g + q, g = -1 + b. What is the tens digit of n?
6
Let x(b) = 29*b + 2. Let f(g) = -15*g - 1. Let s(k) = 13*f(k) + 6*x(k). What is the units digit of s(-4)?
3
Suppose 5*p + 419 = 74. Let y = 139 - p. What is the hundreds digit of y?
2
Let k = -1307 - -3818. What is the tens digit of k?
1
Let r = -9 + 11. Suppose 0 = r*c - 2, 3*t - 2*t - 3*c - 5 = 0. Suppose -2*s + 0*s = -t, 2*w = -5*s + 76. What is the tens digit of w?
2
What is the hundreds digit of 52/(-20) + 2 + (-34706)/(-35)?
9
Suppose -5*t - 3*h = -3891, 0*t + h = 5*t - 3903. What is the hundreds digit of t?
7
Suppose -l = 4*l + 5*d, 5*l - 3*d = 40. Suppose 0 = -5*j - 10, t - 2*t - l*j - 8 = 0. Suppose t = -w - 3*q, 0 = 5*q + 9 - 4. What is the units digit of w?
1
Suppose 12*a - 11*a - 333 = 0. What is the hundreds digit of a?
3
Let w(z) = 98*z + 24. What is the units digit of w(3)?
8
Suppose -2044 = -4*g - 600. What is the units digit of g?
1
Suppose 3*i = 3*z + 18, -9 + 0 = 2*i + 5*z. Suppose -i*y - 4*g + 274 = 0, -3*y + 3*g + 0*g = -309. What is the tens digit of y?
9
Let w = -182 + 646. What is the hundreds digit of w?
4
Let f(k) = k + 10. Let o be f(-7). Suppose -2*z - 2*z - 2*g - 4 = 0, -3*z + 4*g - o = 0. Let r = z - -17. What is the tens digit of r?
1
Let t(l) = l**2 + 9*l + 2. Let s be t(-9). Suppose v - 1 = s. What is the units digit of v?
3
Suppose 0 = 2*x + y - 2121, 0*y - 3165 = -3*x + 4*y. What is the units digit of x?
9
What is the hundreds digit of -5 - (-502 + 10/5)?
4
Suppose -2*y + 79 = -t, y + 2*t = 4 + 23. Let f = 86 - y. Suppose 0 = -4*l - f + 157. What is the units digit of l?
7
Suppose -5*s = 3*p - 2555, -4*s - 2449 - 1871 = -5*p. What is the tens digit of p?
6
What is the hundreds digit of ((-62)/93)/(2/(-1317))?
4
Suppose -5*l + o + 11 = 2*o, 6 = -2*l - 3*o. Let j(y) = -25*y**l + 15 + 24*y**3 + 12*y + y - 11*y**2. What is the units digit of j(-12)?
3
Let w be (10/(-6) - -3)*-3. Let c(k) = 3*k**2 + 10*k - 7. What is the units digit of c(w)?
1
Let b(y) = 2*y - 4. Let g be b(5). Let c = g - -6. What is the units digit of 2/8 + 333/c?
8
Suppose -2*y - 3*y = -i + 929, 4*i + y - 3779 = 0. Suppose -5*p + i = -2*h, 206 = 5*p + 3*h - 728. What is the units digit of p?
8
What is the tens digit of 16/6*(-30300)/(-80)?
1
Suppose x - 10 = -5*n, 4*n - 7 = 1. Let z be -1 + 1 + -1 + 5. Suppose -2*q = -4*p - 66, x = -z*q - 3*p + 196 - 31. What is the units digit of q?
9
Let w(x) = 3*x**3 - 2*x + 3. Let k be w(1). Suppose -k*i - 82 = -5*i. What is the tens digit of i?
8
Let p be -6 + (-3 + -1)/4. Let f(x) = x**2 + 9*x + 8. Let j(o) = -o - 1. Let r(g) = f(g) + 2*j(g). What is the units digit of r(p)?
6
Suppose -145*v = -142*v + 648. Let u = v + 361. What is the units digit of u?
5
Let z(g) = -8*g**3 - 3*g**2 + 7*g + 3. Let m be z(-4). Suppose -10*b + 341 = -m. What is the tens digit of b?
7
Let k(f) = -f**2 - 7*f - 6. Let c(b) = -b**3 + 11*b**2 - 9*b - 15. Let x be c(10). What is the units digit of k(x)?
4
Suppose -6*d - 1839 = 135. Let h = -234 - d. What is the units digit of h?
5
What is the units digit of (634 - (-11 + 15)) + 1*4?
4
Let s be 9324/10 - 16/40. Suppose 0 = 3*h + 2*x - 544, 7*h - 2*h - 3*x = s. What is the hundreds digit of h?
1
Let m(w) = -w**3 - 13*w**2 + 18*w - 85. What is the tens digit of m(-19)?
3
Suppose 0 = 4*g + 16, 2*q - 3*g - 615 - 499 = 0. What is the units digit of q?
1
Let x(g) = -5*g**2 - 2. Let i be x(-2). Let n be (i - 12/(-4))/(-1). Suppose -13 = -v + 5*o + 6, n = v - 3*o. What is the tens digit of v?
1
Let d(u) = -u**2 + 8*u - 9. Let t be d(4). Let i(x) = 12*x + 15. What is the tens digit of i(t)?
9
Let s(v) be the first derivative of 4*v**3 + v - 1/2*v**2 - 1. What is the units digit of s(2)?
7
Suppose 192*k - 5484 = 186*k. What is the tens digit of k?
1
Let x(p) = 2 + 17*p - 4 + 15*p**2 - 16*p. What is the units digit of x(3)?
6
Suppose -2*d + i + 727 = 0, 13*d - 732 = 11*d - 4*i. What is the tens digit of d?
6
Suppose 2*p + 60 = 5*m - 2*p, -3*m - 4*p = -4. Let l(c) be the third derivative of c**6/120 - 2*c**5/15 + c**3/2 - c**2. What is the units digit of l(m)?
3
Suppose -5*k - l = -250, 0*k = -5*k + 5*l + 280. Suppose -42 - 6 = -o + 5*s, -o = s - 30. Let f = k - o. What is the tens digit of f?
1
What is the hundreds digit of (786/(-4))/(141/(-188))?
2
Let c(x) be the first derivative of -x**3/3 - x**2/2 + 115*x - 7. Let m be c(0). What is the units digit of 12/(-16) - m/(-4)?
8
Let q = -2 - -6. Suppose -h - 3*m = -6*h + 136, 0 = 5*h + q*m - 122. What is the units digit of h?
6
Suppose 0 = 5*w - 41 - 4. Let s = w + -5. What is the tens digit of (-4 - 0) + 196/s?
4
Suppose -6875 = -5*h + 2370. What is the thousands digit of h?
1
Let q be (-28)/(-21)*(-6)/(-4). Let m(x) = 12*x + 4. Let i(f) = -35*f - 12. Let c(a) = -3*i(a) - 8*m(a). What is the tens digit of c(q)?
2
Suppose -12 = -4*d + 20. Suppose d*k = 12*k - 136. Let v = k + 3. What is the units digit of v?
7
Suppose -3*d + 4 = -2. Suppose 2*n = -2*i - d, 5*n - 2 = i - 7. Suppose i = c - 50 - 7. What is the tens digit of c?
5
Let n(q) = q**3 - 16*q**2 + 3*q - 16. Let x be n(16). Let u = -27 + x. What is the units digit of 83 + 0/(-4 + u)?
3
Let r be ((-7 - 0) + 2)/(-1). Suppose b - 44 = -2*k, 0 = 5*b + r*k - 106 - 114. What is the units digit of b?
4
Let g be (1 + 6/(-4))*-10. Suppose 65 = 4*q - g*c + 24, -4*c - 20 = 0. Suppose -3*p - q + 10 = 0. What is the units digit of p?
2
Let i(q) = -5*q**2 + 19*q + 6. Let z(n) = -3*n**2 + 9*n + 3. Let c(m) = -4*i(m) + 7*z(m). What is the units digit of c(-12)?
9
Let y(h) = -h**3 + 11*h**2 + h - 9. Let p be y(11). Let r = p + 2. Suppose 0 = 6*x - r*x - 6. What is the units digit of x?
3
Let o(l) = 10*l**3 - l**2. Let t = 15 + -14. What is the units digit of o(t)?
9
Suppose -h - 184 + 1220 = 0. What is the hundreds digit of h?
0
Let a(f) = -5*f**3 - f**2 - 4*f - 3. Let q be a(-1). Suppose -429 = -5*l - 3*r, -62 = -l - q*r + 37. What is the units digit of l?
4
Suppose 0 = 2*p - 4*i - 558, 3*i - 5 = 4. Let k = 471 - p. What is the tens digit of k?
8
Let k = -28 - -30. What is the units digit of 9/6 + 219/k?
1
Let o(y) = -338*y - 97. What is the thousands digit of o(-5)?
1
What is the hundreds digit of (67/2)/(7 + 2934/(-420))?
3
Suppose p + 10 = 2*u, -u + 3*p = -5*u. Suppose 5*b + 0*b - 120 = 0. Suppose b = u*y - 54. What is the tens digit of y?
2
Let o = 128 + -124. Suppose 0 = -o*n + 71 + 573. What is the hundreds digit of n?
1
Suppose j = 2*j - 4*z - 13, 5*j = 4*z + 113. Let h(s) = -32*s**3 + s**2 + s. Let x be h(-1). Suppose -j = 5*d, 0*c = c - d - x. What is the units digit of c?
7
Let p(h) = -367*h - 51. What is the units digit of p(-3)?
0
Let f = 29 - 25. Suppose f*z - 2*o - 6 = 26, -o = -z + 7. What is the units digit of z?
9
Let k(f) = 81*f**2 + 34*f + 233. What is the hundreds digit of k(-7)?
9
Suppose 5*b - 12*b - 9*b = 0. Let v(k) = k**3 + k**2 - k + 100. What is the tens digit of v(b)?
0
Let s be (-2 - -3)/((-1)/(-7)). Let a = s - 5. Suppose -3*j + 120 = a*j. What is the tens digit of j?
2
Let s(y) = y**2 + 2*y. Let v be 1*3/((-6)/2). Let b be s(v). What is the units digit of ((-56)/21)/(b/9)?
4
Let d = -25 + 31. Let u(v) = v**3 - 7*v**2 + 6*v + 3. Let y be u(d). Suppose -4*j + 96 = 2*x + j, -6 = y*j. What is the tens digit of x?
5
Suppose v + 0 = 2. Suppose v*l = 3*m + 108, -95 + 379 = 5*l - 4*m. Suppose -a - l = -6*a + 5*q, 5*a + 3*q - 44 = 0. What is the units digit of a?
0
Let r(m) = 3*m**2 - 3*m + 1. Let o(z) = z**3 - 11*z**2 + z - 7. Let x be o(11). Suppose 4*h + s - 10 - 2 = 0, -2*h - x = -2*s. What is the units digit of r(h)?
7
Suppose -11 = 2*p - 5*m, -2*m = 4*p - p - 12. Suppose -4 = p*v - 18. Suppose -3*y = 0, -v*y + 2*y = 3*d - 54. What is the tens digit of d?
1
Suppose 4*o + 5*z = 1547, -o + z = -93 - 305. Suppose 0 = -l - 2*u - 0*u + 89, 3*u = 5*l -